{"id":2194,"date":"2023-11-27T12:09:23","date_gmt":"2023-11-27T11:09:23","guid":{"rendered":"https:\/\/igpsm.uek.krakow.pl\/khgs\/?page_id=2194"},"modified":"2023-11-29T15:37:59","modified_gmt":"2023-11-29T14:37:59","slug":"katedra-unesco","status":"publish","type":"page","link":"https:\/\/igpsm.uek.krakow.pl\/khgs\/katedra-unesco\/","title":{"rendered":"Katedra UNESCO"},"content":{"rendered":"\t\t<div data-elementor-type=\"wp-page\" data-elementor-id=\"2194\" class=\"elementor elementor-2194\">\n\t\t\t\t\t\t<section data-particle_enable=\"false\" data-particle-mobile-disabled=\"false\" class=\"elementor-section elementor-top-section elementor-element elementor-element-4ca67fb elementor-section-boxed elementor-section-height-default elementor-section-height-default\" data-id=\"4ca67fb\" data-element_type=\"section\" data-settings=\"{&quot;jet_parallax_layout_list&quot;:[]}\">\n\t\t\t\t\t\t<div class=\"elementor-container elementor-column-gap-default\">\n\t\t\t\t\t<div class=\"elementor-column elementor-col-100 elementor-top-column elementor-element elementor-element-22e0d310\" data-id=\"22e0d310\" data-element_type=\"column\">\n\t\t\t<div class=\"elementor-widget-wrap elementor-element-populated\">\n\t\t\t\t\t\t<div class=\"elementor-element elementor-element-7c047738 elementor-widget elementor-widget-jet-headline\" data-id=\"7c047738\" data-element_type=\"widget\" data-widget_type=\"jet-headline.default\">\n\t\t\t\t<div class=\"elementor-widget-container\">\n\t\t\t<h2 class=\"jet-headline jet-headline--direction-horizontal\"><span class=\"jet-headline__part jet-headline__first\"><span class=\"jet-headline__label\">KATEDRA UNESCO DZIEDZICTWA I STUDI\u00d3W MIEJSKICH \/ UNESCO CHAIR FOR HERITAGE AND URBAN STUDIES<\/span><\/span><span class=\"jet-headline__space\">&nbsp;<\/span><\/h2>\t\t<\/div>\n\t\t\t\t<\/div>\n\t\t\t\t<div class=\"elementor-element elementor-element-27706e0c elementor-widget-divider--view-line elementor-invisible elementor-widget elementor-widget-divider\" data-id=\"27706e0c\" data-element_type=\"widget\" data-settings=\"{&quot;_animation&quot;:&quot;fadeInLeft&quot;}\" data-widget_type=\"divider.default\">\n\t\t\t\t<div class=\"elementor-widget-container\">\n\t\t\t\t\t<div class=\"elementor-divider\">\n\t\t\t<span class=\"elementor-divider-separator\">\n\t\t\t\t\t\t<\/span>\n\t\t<\/div>\n\t\t\t\t<\/div>\n\t\t\t\t<\/div>\n\t\t\t\t<div class=\"elementor-element elementor-element-c078210 elementor-widget elementor-widget-text-editor\" data-id=\"c078210\" data-element_type=\"widget\" data-widget_type=\"text-editor.default\">\n\t\t\t\t<div class=\"elementor-widget-container\">\n\t\t\t\t\t\t\t<p>Mi\u0119dzynarodowy Program Sieci Katedr UNESCO (<a href=\"https:\/\/www.unesco.org\/en\/unitwin\">University Twinning and Networking &#8211; UNITWIN\/UNESCO CHAIRS<\/a>) to cz\u0119\u015b\u0107 programu wsp\u00f3\u0142pracy, realizowanego przez Organizacj\u0119 Narod\u00f3w Zjednoczonych dla Wychowania, Nauki i Kultury (UNESCO). Jest to mi\u0119dzynarodowa sie\u0107 uniwersytet\u00f3w, kt\u00f3ra wspiera prace UNESCO w dziedzinie edukacji, nauk przyrodniczych i spo\u0142ecznych, kultury i komunikacji. Jej celem jest pomoc w mierzeniu si\u0119 ze \u00a0wsp\u00f3\u0142czesnymi wyzwaniami i przyczynianie si\u0119 do rozwoju spo\u0142ecznego.<\/p><p>Dzia\u0142alno\u015b\u0107 Katedry jako Katedry UNESCO koncentruje si\u0119 na badaniach i edukacji w zakresie zarz\u0105dzania dziedzictwem kulturowym, ekonomicznych i spo\u0142ecznych kontekst\u00f3w ochrony i rozwoju kultury i dziedzictwa a tak\u017ce rewitalizacji krajobraz\u00f3w kulturowych, zr\u00f3wnowa\u017conego rozwoju i planowania przestrzennego, ze szczeg\u00f3lnym uwzgl\u0119dnieniem regionu Europy \u015arodkowo-Wschodniej oraz obiekt\u00f3w i zespo\u0142\u00f3w miejskich wpisanych na List\u0119 \u015awiatowego Dziedzictwa UNESCO. Jej celem na lata 2022-2024 s\u0105 badania i edukacja w zakresie dziedzictwa kulturowego w procesie zmian.<\/p><p>Wielostronna dzia\u0142alno\u015b\u0107 Katedry wpisuje si\u0119 w obszary zainteresowa\u0144 i aktywno\u015bci UNESCO, w tym bezpo\u015brednio w realizacj\u0119 za\u0142o\u017ce\u0144 Agendy na rzecz Zr\u00f3wnowa\u017conego Rozwoju 2030. Przejawia si\u0119 to zar\u00f3wno w pracach dydaktycznych jak i naukowych Katedry. Konstrukcja i realizacja programu Studi\u00f3w Miejskich (kierunku prowadzonego przez Katedr\u0119 na UEK), oraz Akademii Dziedzictwa (studi\u00f3w podyplomowych realizowanych we wsp\u00f3\u0142pracy z Mi\u0119dzynarodowym Centrum Kultury poprzez MSAP) to wprowadzanie w \u017cycie m.in. cel\u00f3w zr\u00f3wnowa\u017conego rozwoju SDG 4 (Dobra jako\u015b\u0107 edukacji) oraz SDG 11 (Zr\u00f3wnowa\u017cone miasta i spo\u0142eczno\u015bci). W ten drugi cel wpisuje si\u0119 r\u00f3wnie\u017c, mi\u0119dzy innymi, obecny wsp\u00f3lny projekt Katedry, po\u015bwi\u0119cony miastom wobec kryzys\u00f3w, problem\u00f3w i wyzwa\u0144. W centrum warto\u015bci Katedry le\u017cy zapewnienie studentom wiedzy i umiej\u0119tno\u015bci niezb\u0119dnych do promowania zr\u00f3wnowa\u017conego rozwoju, kt\u00f3ry obejmuje r\u00f3wnie\u017c zr\u00f3wnowa\u017cone wykorzystanie kultury i dziedzictwa kulturowego dla rozwoju spo\u0142eczno-gospodarczego.<\/p><p>Misja UNESCO na lata 2022-2029 to u\u0142atwianie wsp\u00f3\u0142pracy i wsp\u00f3\u0142dzia\u0142ania mi\u0119dzynarodowego. W ramach jej wdra\u017cania Katedra przyst\u0105pi\u0142a we wrze\u015bniu 2022 r. do mi\u0119dzynarodowego konsorcjum partner\u00f3w uniwersyteckich, w tym katedr UNESCO, Heritopolis. Konsorcjum dzia\u0142a w ramach inicjatywy MetroHub, prowadzonej przez UN-Habitat. A dzi\u0119ki wsp\u00f3\u0142pracy z partnerami Katedry m.in. Europa Nostra, Mi\u0119dzynarodowe Centrum Kultury czy Narodowy Instytut Dziedzictwa, Katedra dzia\u0142a na rzecz promocji, monitorowania, bada\u0144 oraz ochrony i zabezpieczenia \u015bwiatowego dziedzictwa kulturowego (w tym obiekt\u00f3w \u015bwiatowego dziedzictwa kulturowego).<\/p><p>\u00a0<\/p>\t\t\t\t\t\t<\/div>\n\t\t\t\t<\/div>\n\t\t\t\t<div class=\"elementor-element elementor-element-063b78c elementor-widget elementor-widget-image\" data-id=\"063b78c\" data-element_type=\"widget\" data-widget_type=\"image.default\">\n\t\t\t\t<div class=\"elementor-widget-container\">\n\t\t\t\t\t\t\t\t\t\t\t\t\t\t<a href=\"https:\/\/igpsm.uek.krakow.pl\/khgs\/wp-content\/uploads\/sites\/5\/2023\/10\/UEK_UNESCO-ver-03.jpg\" data-elementor-open-lightbox=\"yes\" data-elementor-lightbox-title=\"UEK UNESCO Ver 03\" data-e-action-hash=\"#elementor-action%3Aaction%3Dlightbox%26settings%3DeyJpZCI6IjE4MDgiLCJ1cmwiOiJodHRwczpcL1wvaWdwc20udWVrLmtyYWtvdy5wbFwva2hnc1wvd3AtY29udGVudFwvdXBsb2Fkc1wvc2l0ZXNcLzVcLzIwMjNcLzEwXC9VRUtfVU5FU0NPLXZlci0wMy5qcGcifQ%3D%3D\">\n\t\t\t\t\t\t\t<img decoding=\"async\" width=\"300\" height=\"100\" src=\"https:\/\/igpsm.uek.krakow.pl\/khgs\/wp-content\/uploads\/sites\/5\/2023\/10\/UEK_UNESCO-ver-03-300x100.jpg\" class=\"attachment-medium size-medium wp-image-1808\" alt=\"\" srcset=\"https:\/\/igpsm.uek.krakow.pl\/khgs\/wp-content\/uploads\/sites\/5\/2023\/10\/UEK_UNESCO-ver-03-300x100.jpg 300w, https:\/\/igpsm.uek.krakow.pl\/khgs\/wp-content\/uploads\/sites\/5\/2023\/10\/UEK_UNESCO-ver-03-1024x341.jpg 1024w, https:\/\/igpsm.uek.krakow.pl\/khgs\/wp-content\/uploads\/sites\/5\/2023\/10\/UEK_UNESCO-ver-03-768x256.jpg 768w, https:\/\/igpsm.uek.krakow.pl\/khgs\/wp-content\/uploads\/sites\/5\/2023\/10\/UEK_UNESCO-ver-03-1536x512.jpg 1536w, https:\/\/igpsm.uek.krakow.pl\/khgs\/wp-content\/uploads\/sites\/5\/2023\/10\/UEK_UNESCO-ver-03-2048x683.jpg 2048w, https:\/\/igpsm.uek.krakow.pl\/khgs\/wp-content\/uploads\/sites\/5\/2023\/10\/UEK_UNESCO-ver-03-1140x380.jpg 1140w\" sizes=\"(max-width: 300px) 100vw, 300px\" \/>\t\t\t\t\t\t\t\t<\/a>\n\t\t\t\t\t\t\t\t\t\t\t\t\t<\/div>\n\t\t\t\t<\/div>\n\t\t\t\t<div class=\"elementor-element elementor-element-7c7342c elementor-widget elementor-widget-image\" data-id=\"7c7342c\" data-element_type=\"widget\" data-widget_type=\"image.default\">\n\t\t\t\t<div class=\"elementor-widget-container\">\n\t\t\t\t\t\t\t\t\t\t\t\t\t<img decoding=\"async\" src=\"https:\/\/ie.uek.krakow.pl\/ke\/wp-content\/uploads\/sites\/3\/2023\/02\/placeholder-1.png\" title=\"\" alt=\"\" loading=\"lazy\" \/>\t\t\t\t\t\t\t\t\t\t\t\t\t<\/div>\n\t\t\t\t<\/div>\n\t\t\t\t\t<\/div>\n\t\t<\/div>\n\t\t\t\t\t<\/div>\n\t\t<\/section>\n\t\t\t\t<\/div>\n\t\t","protected":false},"excerpt":{"rendered":"<p>KATEDRA UNESCO DZIEDZICTWA I STUDI\u00d3W MIEJSKICH \/ UNESCO CHAIR FOR HERITAGE AND URBAN STUDIES&nbsp; \/*! elementor &#8211; v3.17.0 &#8211; 08-11-2023 *\/ .elementor-widget-divider{&#8211;divider-border-style:none;&#8211;divider-border-width:1px;&#8211;divider-color:#0c0d0e;&#8211;divider-icon-size:20px;&#8211;divider-element-spacing:10px;&#8211;divider-pattern-height:24px;&#8211;divider-pattern-size:20px;&#8211;divider-pattern-url:none;&#8211;divider-pattern-repeat:repeat-x}.elementor-widget-divider .elementor-divider{display:flex}.elementor-widget-divider .elementor-divider__text{font-size:15px;line-height:1;max-width:95%}.elementor-widget-divider .elementor-divider__element{margin:0 var(&#8211;divider-element-spacing);flex-shrink:0}.elementor-widget-divider .elementor-icon{font-size:var(&#8211;divider-icon-size)}.elementor-widget-divider .elementor-divider-separator{display:flex;margin:0;direction:ltr}.elementor-widget-divider&#8211;view-line_icon .elementor-divider-separator,.elementor-widget-divider&#8211;view-line_text .elementor-divider-separator{align-items:center}.elementor-widget-divider&#8211;view-line_icon .elementor-divider-separator:after,.elementor-widget-divider&#8211;view-line_icon .elementor-divider-separator:before,.elementor-widget-divider&#8211;view-line_text .elementor-divider-separator:after,.elementor-widget-divider&#8211;view-line_text .elementor-divider-separator:before{display:block;content:&#8221;&#8221;;border-bottom:0;flex-grow:1;border-top:var(&#8211;divider-border-width) var(&#8211;divider-border-style) var(&#8211;divider-color)}.elementor-widget-divider&#8211;element-align-left .elementor-divider .elementor-divider-separator&gt;.elementor-divider__svg:first-of-type{flex-grow:0;flex-shrink:100}.elementor-widget-divider&#8211;element-align-left .elementor-divider-separator:before{content:none}.elementor-widget-divider&#8211;element-align-left .elementor-divider__element{margin-left:0}.elementor-widget-divider&#8211;element-align-right .elementor-divider .elementor-divider-separator&gt;.elementor-divider__svg:last-of-type{flex-grow:0;flex-shrink:100}.elementor-widget-divider&#8211;element-align-right .elementor-divider-separator:after{content:none}.elementor-widget-divider&#8211;element-align-right .elementor-divider__element{margin-right:0}.elementor-widget-divider:not(.elementor-widget-divider&#8211;view-line_text):not(.elementor-widget-divider&#8211;view-line_icon) .elementor-divider-separator{border-top:var(&#8211;divider-border-width) var(&#8211;divider-border-style) var(&#8211;divider-color)}.elementor-widget-divider&#8211;separator-type-pattern{&#8211;divider-border-style:none}.elementor-widget-divider&#8211;separator-type-pattern.elementor-widget-divider&#8211;view-line .elementor-divider-separator,.elementor-widget-divider&#8211;separator-type-pattern:not(.elementor-widget-divider&#8211;view-line) .elementor-divider-separator:after,.elementor-widget-divider&#8211;separator-type-pattern:not(.elementor-widget-divider&#8211;view-line) .elementor-divider-separator:before,.elementor-widget-divider&#8211;separator-type-pattern:not([class*=elementor-widget-divider&#8211;view]) .elementor-divider-separator{width:100%;min-height:var(&#8211;divider-pattern-height);-webkit-mask-size:var(&#8211;divider-pattern-size) 100%;mask-size:var(&#8211;divider-pattern-size) 100%;-webkit-mask-repeat:var(&#8211;divider-pattern-repeat);mask-repeat:var(&#8211;divider-pattern-repeat);background-color:var(&#8211;divider-color);-webkit-mask-image:var(&#8211;divider-pattern-url);mask-image:var(&#8211;divider-pattern-url)}.elementor-widget-divider&#8211;no-spacing{&#8211;divider-pattern-size:auto}.elementor-widget-divider&#8211;bg-round{&#8211;divider-pattern-repeat:round}.rtl .elementor-widget-divider .elementor-divider__text{direction:rtl}.e-con-inner&gt;.elementor-widget-divider,.e-con&gt;.elementor-widget-divider{width:var(&#8211;container-widget-width,100%);&#8211;flex-grow:var(&#8211;container-widget-flex-grow)} Mi\u0119dzynarodowy Program Sieci Katedr UNESCO (University Twinning and Networking &#8211; UNITWIN\/UNESCO CHAIRS) to cz\u0119\u015b\u0107 programu wsp\u00f3\u0142pracy, realizowanego przez Organizacj\u0119 Narod\u00f3w Zjednoczonych dla Wychowania, Nauki i Kultury (UNESCO). Jest to mi\u0119dzynarodowa sie\u0107 uniwersytet\u00f3w, kt\u00f3ra wspiera prace UNESCO w dziedzinie edukacji, nauk przyrodniczych i spo\u0142ecznych, kultury i komunikacji. Jej celem jest pomoc w mierzeniu si\u0119 ze \u00a0wsp\u00f3\u0142czesnymi wyzwaniami i przyczynianie si\u0119 do rozwoju spo\u0142ecznego. Dzia\u0142alno\u015b\u0107 Katedry jako Katedry UNESCO koncentruje si\u0119 na badaniach i edukacji w zakresie zarz\u0105dzania dziedzictwem kulturowym, ekonomicznych i spo\u0142ecznych kontekst\u00f3w ochrony i rozwoju kultury i dziedzictwa a tak\u017ce rewitalizacji krajobraz\u00f3w kulturowych, zr\u00f3wnowa\u017conego rozwoju i planowania przestrzennego, ze szczeg\u00f3lnym uwzgl\u0119dnieniem regionu Europy \u015arodkowo-Wschodniej oraz obiekt\u00f3w i zespo\u0142\u00f3w miejskich wpisanych na List\u0119 \u015awiatowego Dziedzictwa UNESCO. Jej celem na lata 2022-2024 s\u0105 badania i edukacja w zakresie dziedzictwa kulturowego w procesie zmian. Wielostronna dzia\u0142alno\u015b\u0107 Katedry wpisuje si\u0119 w obszary zainteresowa\u0144 i aktywno\u015bci UNESCO, w tym bezpo\u015brednio w realizacj\u0119 za\u0142o\u017ce\u0144 Agendy na rzecz Zr\u00f3wnowa\u017conego Rozwoju 2030. Przejawia si\u0119 to zar\u00f3wno w pracach dydaktycznych jak i naukowych Katedry. Konstrukcja i realizacja programu Studi\u00f3w Miejskich (kierunku prowadzonego przez Katedr\u0119 na UEK), oraz Akademii Dziedzictwa (studi\u00f3w podyplomowych realizowanych we wsp\u00f3\u0142pracy z Mi\u0119dzynarodowym Centrum Kultury poprzez MSAP) to wprowadzanie w \u017cycie m.in. cel\u00f3w zr\u00f3wnowa\u017conego rozwoju SDG 4 (Dobra jako\u015b\u0107 edukacji) oraz SDG 11 (Zr\u00f3wnowa\u017cone miasta i spo\u0142eczno\u015bci). W ten drugi cel wpisuje si\u0119 r\u00f3wnie\u017c, mi\u0119dzy innymi, obecny wsp\u00f3lny projekt Katedry, po\u015bwi\u0119cony miastom wobec kryzys\u00f3w, problem\u00f3w i wyzwa\u0144. W centrum warto\u015bci Katedry le\u017cy zapewnienie studentom wiedzy i umiej\u0119tno\u015bci niezb\u0119dnych do promowania zr\u00f3wnowa\u017conego rozwoju, kt\u00f3ry obejmuje r\u00f3wnie\u017c zr\u00f3wnowa\u017cone wykorzystanie kultury i dziedzictwa kulturowego dla rozwoju spo\u0142eczno-gospodarczego. Misja UNESCO na lata 2022-2029 to u\u0142atwianie wsp\u00f3\u0142pracy i wsp\u00f3\u0142dzia\u0142ania mi\u0119dzynarodowego. W ramach jej wdra\u017cania Katedra przyst\u0105pi\u0142a we wrze\u015bniu 2022 r. do mi\u0119dzynarodowego konsorcjum partner\u00f3w uniwersyteckich, w tym katedr UNESCO, Heritopolis. Konsorcjum dzia\u0142a w ramach inicjatywy MetroHub, prowadzonej przez UN-Habitat. A dzi\u0119ki wsp\u00f3\u0142pracy z partnerami Katedry m.in. Europa Nostra, Mi\u0119dzynarodowe Centrum Kultury czy Narodowy Instytut Dziedzictwa, Katedra dzia\u0142a na rzecz promocji, monitorowania, bada\u0144 oraz ochrony i zabezpieczenia \u015bwiatowego dziedzictwa kulturowego (w tym obiekt\u00f3w \u015bwiatowego dziedzictwa kulturowego). \u00a0 \/*! elementor &#8211; v3.17.0 &#8211; 08-11-2023 *\/ .elementor-widget-image{text-align:center}.elementor-widget-image a{display:inline-block}.elementor-widget-image a img[src$=&#8221;.svg&#8221;]{width:48px}.elementor-widget-image img{vertical-align:middle;display:inline-block}<\/p>\n","protected":false},"author":1,"featured_media":0,"parent":0,"menu_order":0,"comment_status":"closed","ping_status":"closed","template":"elementor_header_footer","meta":{"footnotes":""},"class_list":["post-2194","page","type-page","status-publish","hentry"],"_links":{"self":[{"href":"https:\/\/igpsm.uek.krakow.pl\/khgs\/wp-json\/wp\/v2\/pages\/2194"}],"collection":[{"href":"https:\/\/igpsm.uek.krakow.pl\/khgs\/wp-json\/wp\/v2\/pages"}],"about":[{"href":"https:\/\/igpsm.uek.krakow.pl\/khgs\/wp-json\/wp\/v2\/types\/page"}],"author":[{"embeddable":true,"href":"https:\/\/igpsm.uek.krakow.pl\/khgs\/wp-json\/wp\/v2\/users\/1"}],"replies":[{"embeddable":true,"href":"https:\/\/igpsm.uek.krakow.pl\/khgs\/wp-json\/wp\/v2\/comments?post=2194"}],"version-history":[{"count":4,"href":"https:\/\/igpsm.uek.krakow.pl\/khgs\/wp-json\/wp\/v2\/pages\/2194\/revisions"}],"predecessor-version":[{"id":2260,"href":"https:\/\/igpsm.uek.krakow.pl\/khgs\/wp-json\/wp\/v2\/pages\/2194\/revisions\/2260"}],"wp:attachment":[{"href":"https:\/\/igpsm.uek.krakow.pl\/khgs\/wp-json\/wp\/v2\/media?parent=2194"}],"curies":[{"name":"wp","href":"https:\/\/api.w.org\/{rel}","templated":true}]}}