{"id":88,"date":"2023-02-19T00:19:19","date_gmt":"2023-02-18T23:19:19","guid":{"rendered":"https:\/\/ie.uek.krakow.pl\/ke\/?page_id=88"},"modified":"2026-04-22T10:22:10","modified_gmt":"2026-04-22T08:22:10","slug":"o-katedrze","status":"publish","type":"page","link":"https:\/\/igpsm.uek.krakow.pl\/khgs\/o-katedrze\/","title":{"rendered":"O Katedrze"},"content":{"rendered":"\t\t<div data-elementor-type=\"wp-page\" data-elementor-id=\"88\" class=\"elementor elementor-88\">\n\t\t\t\t\t\t<section data-particle_enable=\"false\" data-particle-mobile-disabled=\"false\" class=\"elementor-section elementor-top-section elementor-element elementor-element-4ca67fb elementor-section-boxed elementor-section-height-default elementor-section-height-default\" data-id=\"4ca67fb\" data-element_type=\"section\" data-settings=\"{&quot;jet_parallax_layout_list&quot;:[]}\">\n\t\t\t\t\t\t<div class=\"elementor-container elementor-column-gap-default\">\n\t\t\t\t\t<div class=\"elementor-column elementor-col-100 elementor-top-column elementor-element elementor-element-22e0d310\" data-id=\"22e0d310\" data-element_type=\"column\">\n\t\t\t<div class=\"elementor-widget-wrap elementor-element-populated\">\n\t\t\t\t\t\t<div class=\"elementor-element elementor-element-7c047738 elementor-widget elementor-widget-jet-headline\" data-id=\"7c047738\" data-element_type=\"widget\" data-widget_type=\"jet-headline.default\">\n\t\t\t\t<div class=\"elementor-widget-container\">\n\t\t\t<h2 class=\"jet-headline jet-headline--direction-horizontal\"><span class=\"jet-headline__part jet-headline__first\"><span class=\"jet-headline__label\">Katedra Historii Gospodarczej i Spo\u0142ecznej \/\nUNESCO Chair for Heritage and Urban Studies<\/span><\/span><span class=\"jet-headline__space\">&nbsp;<\/span><\/h2>\t\t<\/div>\n\t\t\t\t<\/div>\n\t\t\t\t<div class=\"elementor-element elementor-element-27706e0c elementor-widget-divider--view-line elementor-invisible elementor-widget elementor-widget-divider\" data-id=\"27706e0c\" data-element_type=\"widget\" data-settings=\"{&quot;_animation&quot;:&quot;fadeInLeft&quot;}\" data-widget_type=\"divider.default\">\n\t\t\t\t<div class=\"elementor-widget-container\">\n\t\t\t\t\t<div class=\"elementor-divider\">\n\t\t\t<span class=\"elementor-divider-separator\">\n\t\t\t\t\t\t<\/span>\n\t\t<\/div>\n\t\t\t\t<\/div>\n\t\t\t\t<\/div>\n\t\t\t\t<div class=\"elementor-element elementor-element-c078210 elementor-widget elementor-widget-text-editor\" data-id=\"c078210\" data-element_type=\"widget\" data-widget_type=\"text-editor.default\">\n\t\t\t\t<div class=\"elementor-widget-container\">\n\t\t\t\t\t\t\t<p><strong>Historia<\/strong><\/p><p>Katedra Historii Gospodarczej powo\u0142ana zosta\u0142a do \u017cycia jako osobna jednostka naukowo-dydaktyczna w Wy\u017cszej Szkole Ekonomicznej (wcze\u015bniejsza nazwa dzisiejszego Uniwersytetu Ekonomicznego) w Krakowie w 1958 roku. Jej organizatorem i pierwszym kierownikiem by\u0142 profesor Stanis\u0142aw Hoszowski (1904\u20131987), ucze\u0144 i wsp\u00f3\u0142pracownik Franciszka Bujaka (1875-1953), tw\u00f3rcy tzw. lwowskiej szko\u0142y historii gospodarczej w okresie mi\u0119dzywojennym.<\/p><p>Kolejnymi kierownikami Katedry byli profesorowie: Janina Bieniarz\u00f3wna (1975-1984), Jan M. Ma\u0142ecki (1984-1997), Jan Szpak (1998-2008). W 2007 roku nast\u0119puje zmiana nazwy Katedry na Katedra Historii Gospodarczej i Spo\u0142ecznej. Od 2008 roku Katedr\u0105 kieruje profesor Jacek Purchla. Podtrzymuje tradycj\u0119 i kontynuuje g\u0142\u00f3wne nurty badawcze zapocz\u0105tkowane przez grono za\u0142o\u017cycielskie Katedry, poszerzaj\u0105c je o ekonomi\u0119 kultury i zarz\u0105dzaniem dziedzictwem kulturowym oraz nawi\u0105zuje mi\u0119dzynarodow\u0105 wsp\u00f3\u0142prac\u0119 w ramach sieci UNITWIN\/UNESCO.<\/p><p>Przez ponad \u0107wier\u0107 wieku (1993-2019) struktura Katedry to dwa zak\u0142ady: Zak\u0142ad Historii Gospodarczej i Zak\u0142ad Rozwoju Miast, stworzony przez profesora Purchl\u0119, kt\u00f3ry w roku 2008 zmienia nazw\u0119 na Zak\u0142ad Dziedzictwa Kulturowego i Studi\u00f3w Miejskich i w zwi\u0105zku z podpisanym porozumieniem mi\u0119dzy UEK a UNESCO otrzymuje status Katedry UNESCO Dziedzictwa i Studi\u00f3w Miejskich \u2013 UNESCO Chair for Heritage and Urban Studies.<\/p><p><strong>Katedra UNESCO Dziedzictwa i Studi\u00f3w Miejskich<\/strong><\/p><p>Mi\u0119dzynarodowy Program Sieci Katedr UNESCO (<a href=\"https:\/\/www.unesco.org\/en\/unitwin\">University Twinning and Networking &#8211; UNITWIN\/UNESCO CHAIRS<\/a>) to cz\u0119\u015b\u0107 programu wsp\u00f3\u0142pracy, realizowanego przez Organizacj\u0119 Narod\u00f3w Zjednoczonych dla Wychowania, Nauki i Kultury (UNESCO). Jest to mi\u0119dzynarodowa sie\u0107 uniwersytet\u00f3w, kt\u00f3ra wspiera prace UNESCO w dziedzinie edukacji, nauk przyrodniczych i spo\u0142ecznych, kultury i komunikacji. Jej celem jest pomoc w mierzeniu si\u0119 ze \u00a0wsp\u00f3\u0142czesnym wyzwaniom i przyczynianie si\u0119 do rozwoju spo\u0142ecznego.<\/p><p><a href=\"https:\/\/igpsm.uek.krakow.pl\/khgs\/katedra-unesco\/\">Wi\u0119cej<\/a><\/p><p><strong>Pracownicy Katedry<\/strong><\/p><p>Pod kierownictwem profesora Jacka Purchli pracownicy Katedry: profesorowie uczelni \u2013 Rafa\u0142 Matyja i Andrzej Laskowski oraz adiunkci \u2013 Dominika Ho\u0142uj,\u00a0 Piotr Miodunka, Joanna Sanetra-Szeliga oraz Micha\u0142 Wi\u015bniewski prowadz\u0105 kluczowe badania w zakresie problematyki uj\u0119tej w triad\u0119: historia \u2013 miasto \u2013 dziedzictwo. W praktyce to: interdyscyplinarno\u015b\u0107, badania nad rozwojem cywilizacyjnym Galicji, badania nad histori\u0105 architektury i sztuki, dziedzictwem kulturowym, synteza i komparatystyka: miasto jako dzie\u0142o sztuki, miasto jako proces, idea, funkcja i forma, demografia, rola kultury w rozwoju miasta, zarz\u0105dzanie zasobami miasta.<\/p><p>Opr\u00f3cz indywidualnych zainteresowa\u0144 i projekt\u00f3w badawczych pracownicy Katedry realizuj\u0105 wsp\u00f3lne przedsi\u0119wzi\u0119cia naukowe. Owocem ostatniego z nich jest monografia pt. <a href=\"https:\/\/www.routledge.com\/Urban-Change-in-Central-Europe-The-Case-of-Krakow\/Purchla\/p\/book\/9781032180793\"><em>Urban Change in Central Europe. The Case of Krak\u00f3w<\/em><\/a> wydana w 2022 roku w londy\u0144skim wydawnictwie Routledge. Obecnie trwaj\u0105 prace na wsp\u00f3lnym projektem w ramach programu Potencja\u0142 \u201eMiasto historyczne wobec kryzys\u00f3w, problem\u00f3w i wyzwa\u0144\u201d (2022-2024).<\/p><p><strong>Studia Miejskie<\/strong><\/p><p>W wyniku zachodz\u0105cych zmian w profilu naukowym Katedry, a tak\u017ce wsp\u00f3\u0142pracy z innymi katedrami powsta\u0142ego w 2015 roku Wydzia\u0142u GAP (od 2019 Kolegium GAP), uruchomiono w roku akademickim 2018\/2019 kierunek <a href=\"https:\/\/2gap.uek.krakow.pl\/kandydaci\/studia-miejskie\/\">Studia Miejskie<\/a>, kt\u00f3rego opiekunem w ramach Instytutu Gospodarki Przestrzennej i Studi\u00f3w Miejskich od roku 2019 sta\u0142a si\u0119 Katedra Historii Gospodarczej i Spo\u0142ecznej\/UNESCO Chair for Heritage and Urban Studies.<\/p>\t\t\t\t\t\t<\/div>\n\t\t\t\t<\/div>\n\t\t\t\t<div class=\"elementor-element elementor-element-063b78c elementor-widget elementor-widget-image\" data-id=\"063b78c\" data-element_type=\"widget\" data-widget_type=\"image.default\">\n\t\t\t\t<div class=\"elementor-widget-container\">\n\t\t\t\t\t\t\t\t\t\t\t\t\t\t<a href=\"https:\/\/igpsm.uek.krakow.pl\/khgs\/wp-content\/uploads\/sites\/5\/2023\/10\/UEK_UNESCO-ver-03.jpg\" data-elementor-open-lightbox=\"yes\" data-elementor-lightbox-title=\"UEK UNESCO Ver 03\" data-e-action-hash=\"#elementor-action%3Aaction%3Dlightbox%26settings%3DeyJpZCI6IjE4MDgiLCJ1cmwiOiJodHRwczpcL1wvaWdwc20udWVrLmtyYWtvdy5wbFwva2hnc1wvd3AtY29udGVudFwvdXBsb2Fkc1wvc2l0ZXNcLzVcLzIwMjNcLzEwXC9VRUtfVU5FU0NPLXZlci0wMy5qcGcifQ%3D%3D\">\n\t\t\t\t\t\t\t<img decoding=\"async\" width=\"300\" height=\"100\" src=\"https:\/\/igpsm.uek.krakow.pl\/khgs\/wp-content\/uploads\/sites\/5\/2023\/10\/UEK_UNESCO-ver-03-300x100.jpg\" class=\"attachment-medium size-medium wp-image-1808\" alt=\"\" srcset=\"https:\/\/igpsm.uek.krakow.pl\/khgs\/wp-content\/uploads\/sites\/5\/2023\/10\/UEK_UNESCO-ver-03-300x100.jpg 300w, https:\/\/igpsm.uek.krakow.pl\/khgs\/wp-content\/uploads\/sites\/5\/2023\/10\/UEK_UNESCO-ver-03-1024x341.jpg 1024w, https:\/\/igpsm.uek.krakow.pl\/khgs\/wp-content\/uploads\/sites\/5\/2023\/10\/UEK_UNESCO-ver-03-768x256.jpg 768w, https:\/\/igpsm.uek.krakow.pl\/khgs\/wp-content\/uploads\/sites\/5\/2023\/10\/UEK_UNESCO-ver-03-1536x512.jpg 1536w, https:\/\/igpsm.uek.krakow.pl\/khgs\/wp-content\/uploads\/sites\/5\/2023\/10\/UEK_UNESCO-ver-03-2048x683.jpg 2048w, https:\/\/igpsm.uek.krakow.pl\/khgs\/wp-content\/uploads\/sites\/5\/2023\/10\/UEK_UNESCO-ver-03-1140x380.jpg 1140w\" sizes=\"(max-width: 300px) 100vw, 300px\" \/>\t\t\t\t\t\t\t\t<\/a>\n\t\t\t\t\t\t\t\t\t\t\t\t\t<\/div>\n\t\t\t\t<\/div>\n\t\t\t\t<div class=\"elementor-element elementor-element-7c7342c elementor-widget elementor-widget-image\" data-id=\"7c7342c\" data-element_type=\"widget\" data-widget_type=\"image.default\">\n\t\t\t\t<div class=\"elementor-widget-container\">\n\t\t\t\t\t\t\t\t\t\t\t\t\t<img decoding=\"async\" src=\"https:\/\/ie.uek.krakow.pl\/ke\/wp-content\/uploads\/sites\/3\/2023\/02\/placeholder-1.png\" title=\"\" alt=\"\" loading=\"lazy\" \/>\t\t\t\t\t\t\t\t\t\t\t\t\t<\/div>\n\t\t\t\t<\/div>\n\t\t\t\t\t<\/div>\n\t\t<\/div>\n\t\t\t\t\t<\/div>\n\t\t<\/section>\n\t\t\t\t<section data-particle_enable=\"false\" data-particle-mobile-disabled=\"false\" class=\"elementor-section elementor-top-section elementor-element elementor-element-be8f515 elementor-section-boxed elementor-section-height-default elementor-section-height-default\" data-id=\"be8f515\" data-element_type=\"section\" data-settings=\"{&quot;jet_parallax_layout_list&quot;:[]}\">\n\t\t\t\t\t\t<div class=\"elementor-container elementor-column-gap-default\">\n\t\t\t\t\t<div class=\"elementor-column elementor-col-100 elementor-top-column elementor-element elementor-element-3fb60f6\" data-id=\"3fb60f6\" data-element_type=\"column\">\n\t\t\t<div class=\"elementor-widget-wrap\">\n\t\t\t\t\t\t\t<\/div>\n\t\t<\/div>\n\t\t\t\t\t<\/div>\n\t\t<\/section>\n\t\t\t\t<\/div>\n\t\t","protected":false},"excerpt":{"rendered":"<p>Katedra Historii Gospodarczej i Spo\u0142ecznej \/ UNESCO Chair for Heritage and Urban Studies&nbsp; Historia Katedra Historii Gospodarczej powo\u0142ana zosta\u0142a do \u017cycia jako osobna jednostka naukowo-dydaktyczna w Wy\u017cszej Szkole Ekonomicznej (wcze\u015bniejsza nazwa dzisiejszego Uniwersytetu Ekonomicznego) w Krakowie w 1958 roku. Jej organizatorem i pierwszym kierownikiem by\u0142 profesor Stanis\u0142aw Hoszowski (1904\u20131987), ucze\u0144 i wsp\u00f3\u0142pracownik Franciszka Bujaka (1875-1953), tw\u00f3rcy tzw. lwowskiej szko\u0142y historii gospodarczej w okresie mi\u0119dzywojennym. Kolejnymi kierownikami Katedry byli profesorowie: Janina Bieniarz\u00f3wna (1975-1984), Jan M. Ma\u0142ecki (1984-1997), Jan Szpak (1998-2008). W 2007 roku nast\u0119puje zmiana nazwy Katedry na Katedra Historii Gospodarczej i Spo\u0142ecznej. Od 2008 roku Katedr\u0105 kieruje profesor Jacek Purchla. Podtrzymuje tradycj\u0119 i kontynuuje g\u0142\u00f3wne nurty badawcze zapocz\u0105tkowane przez grono za\u0142o\u017cycielskie Katedry, poszerzaj\u0105c je o ekonomi\u0119 kultury i zarz\u0105dzaniem dziedzictwem kulturowym oraz nawi\u0105zuje mi\u0119dzynarodow\u0105 wsp\u00f3\u0142prac\u0119 w ramach sieci UNITWIN\/UNESCO. Przez ponad \u0107wier\u0107 wieku (1993-2019) struktura Katedry to dwa zak\u0142ady: Zak\u0142ad Historii Gospodarczej i Zak\u0142ad Rozwoju Miast, stworzony przez profesora Purchl\u0119, kt\u00f3ry w roku 2008 zmienia nazw\u0119 na Zak\u0142ad Dziedzictwa Kulturowego i Studi\u00f3w Miejskich i w zwi\u0105zku z podpisanym porozumieniem mi\u0119dzy UEK a UNESCO otrzymuje status Katedry UNESCO Dziedzictwa i Studi\u00f3w Miejskich \u2013 UNESCO Chair for Heritage and Urban Studies. Katedra UNESCO Dziedzictwa i Studi\u00f3w Miejskich Mi\u0119dzynarodowy Program Sieci Katedr UNESCO (University Twinning and Networking &#8211; UNITWIN\/UNESCO CHAIRS) to cz\u0119\u015b\u0107 programu wsp\u00f3\u0142pracy, realizowanego przez Organizacj\u0119 Narod\u00f3w Zjednoczonych dla Wychowania, Nauki i Kultury (UNESCO). Jest to mi\u0119dzynarodowa sie\u0107 uniwersytet\u00f3w, kt\u00f3ra wspiera prace UNESCO w dziedzinie edukacji, nauk przyrodniczych i spo\u0142ecznych, kultury i komunikacji. Jej celem jest pomoc w mierzeniu si\u0119 ze \u00a0wsp\u00f3\u0142czesnym wyzwaniom i przyczynianie si\u0119 do rozwoju spo\u0142ecznego. Wi\u0119cej Pracownicy Katedry Pod kierownictwem profesora Jacka Purchli pracownicy Katedry: profesorowie uczelni \u2013 Rafa\u0142 Matyja i Andrzej Laskowski oraz adiunkci \u2013 Dominika Ho\u0142uj,\u00a0 Piotr Miodunka, Joanna Sanetra-Szeliga oraz Micha\u0142 Wi\u015bniewski prowadz\u0105 kluczowe badania w zakresie problematyki uj\u0119tej w triad\u0119: historia \u2013 miasto \u2013 dziedzictwo. W praktyce to: interdyscyplinarno\u015b\u0107, badania nad rozwojem cywilizacyjnym Galicji, badania nad histori\u0105 architektury i sztuki, dziedzictwem kulturowym, synteza i komparatystyka: miasto jako dzie\u0142o sztuki, miasto jako proces, idea, funkcja i forma, demografia, rola kultury w rozwoju miasta, zarz\u0105dzanie zasobami miasta. Opr\u00f3cz indywidualnych zainteresowa\u0144 i projekt\u00f3w badawczych pracownicy Katedry realizuj\u0105 wsp\u00f3lne przedsi\u0119wzi\u0119cia naukowe. Owocem ostatniego z nich jest monografia pt. Urban Change in Central Europe. The Case of Krak\u00f3w wydana w 2022 roku w londy\u0144skim wydawnictwie Routledge. Obecnie trwaj\u0105 prace na wsp\u00f3lnym projektem w ramach programu Potencja\u0142 \u201eMiasto historyczne wobec kryzys\u00f3w, problem\u00f3w i wyzwa\u0144\u201d (2022-2024). Studia Miejskie W wyniku zachodz\u0105cych zmian w profilu naukowym Katedry, a tak\u017ce wsp\u00f3\u0142pracy z innymi katedrami powsta\u0142ego w 2015 roku Wydzia\u0142u GAP (od 2019 Kolegium GAP), uruchomiono w roku akademickim 2018\/2019 kierunek Studia Miejskie, kt\u00f3rego opiekunem w ramach Instytutu Gospodarki Przestrzennej i Studi\u00f3w Miejskich od roku 2019 sta\u0142a si\u0119 Katedra Historii Gospodarczej i Spo\u0142ecznej\/UNESCO Chair for Heritage and Urban Studies.<\/p>\n","protected":false},"author":1,"featured_media":0,"parent":0,"menu_order":0,"comment_status":"closed","ping_status":"closed","template":"elementor_header_footer","meta":{"footnotes":""},"class_list":["post-88","page","type-page","status-publish","hentry"],"_links":{"self":[{"href":"https:\/\/igpsm.uek.krakow.pl\/khgs\/wp-json\/wp\/v2\/pages\/88"}],"collection":[{"href":"https:\/\/igpsm.uek.krakow.pl\/khgs\/wp-json\/wp\/v2\/pages"}],"about":[{"href":"https:\/\/igpsm.uek.krakow.pl\/khgs\/wp-json\/wp\/v2\/types\/page"}],"author":[{"embeddable":true,"href":"https:\/\/igpsm.uek.krakow.pl\/khgs\/wp-json\/wp\/v2\/users\/1"}],"replies":[{"embeddable":true,"href":"https:\/\/igpsm.uek.krakow.pl\/khgs\/wp-json\/wp\/v2\/comments?post=88"}],"version-history":[{"count":27,"href":"https:\/\/igpsm.uek.krakow.pl\/khgs\/wp-json\/wp\/v2\/pages\/88\/revisions"}],"predecessor-version":[{"id":3044,"href":"https:\/\/igpsm.uek.krakow.pl\/khgs\/wp-json\/wp\/v2\/pages\/88\/revisions\/3044"}],"wp:attachment":[{"href":"https:\/\/igpsm.uek.krakow.pl\/khgs\/wp-json\/wp\/v2\/media?parent=88"}],"curies":[{"name":"wp","href":"https:\/\/api.w.org\/{rel}","templated":true}]}}